 What is g(s)?
-3
Let a(q) be the first derivative of 1/3*q**3 + 3*q + 1/2*q**2 + 2. Calculate a(-3).
9
Let y(d) = -2*d + d + 2*d**2 - d + 3*d. Suppose 3*s - 1 - 2 = 0. Determine y(s).
3
Let s(g) be the third derivative of -g**6/120 - g**5/12 - 5*g**4/24 - 2*g**3/3 - 35*g**2. Calculate s(-3).
-7
Let r(v) be the first derivative of -v**3/3 - 7*v**2/2 - 2*v + 2. Determine r(-6).
4
Let m(x) = -2 + 25*x - 46*x + 22*x. What is m(5)?
3
Let r(i) be the third derivative of i**7/840 - i**4/4 + 2*i**2. Let t(s) be the second derivative of r(s). What is t(-1)?
3
Let t(n) = n + 13. Let p = -11 + 11. Give t(p).
13
Let k(a) = a**2 - 1. Let n(q) = -6*q**2 - q - 5. Let c(g) = 5*k(g) - n(g). Let d(z) = z - 8. Let y be d(7). Determine c(y).
10
Let a(x) = x**2 - 2. Let d be a(0). Let q be (2/4)/(d/4). Let v(k) = -k**3 - 3*k**2 - 2*k - 1. Give v(q).
-1
Let p(x) = 6*x - 2*x**3 - x - 2 - 2*x + 2*x**2 - 3*x**2. Calculate p(2).
-16
Suppose -4*q - 4*n + 24 = 0, -q + 5*n - 12 = -0*n. Let l(t) = t**3 - 4*t**2 + 2*t. Determine l(q).
-3
Let f(o) = -7*o**3 - 5*o**2 + 6. Let c(k) = -k**3 - k**2. Suppose -z - 4 = 0, 0*z + 8 = 4*a - 3*z. Let t(l) = a*f(l) + 6*c(l). Give t(0).
-6
Suppose -6 = 5*y - 46. Let o = y + -4. Let n(v) = v**3 - 5*v**2 + 2*v + 4. Determine n(o).
-4
Let z = -2 + 3. Let c = 1 - z. Suppose j = -5*n - 3*j + 13, c = 4*n - 2*j. Let s(g) = -8*g. Give s(n).
-8
Let l(w) = -2*w - 6. Let a be l(-3). Let k(y) = y**3 - y - 1. Give k(a).
-1
Let i(l) = -20*l**2 + 8*l. Let j(g) = 13*g**2 - 5*g. Let d(v) = 5*i(v) + 8*j(v). Determine d(-1).
4
Let g(o) = -o**3 + 4*o**2 - 2*o + 5. Suppose 79 - 4 = 3*l. Suppose -l = -3*s + 3*r - 8*r, -3*s - 20 = -4*r. Let b = s - -4. What is g(b)?
-3
Let w(a) be the third derivative of -a**5/60 - 5*a**4/24 + 5*a**3/6 + 3*a**2. Let v be w(-5). Let f = -4 + v. Let q(l) = -11*l**2 + 2*l - 1. Calculate q(f).
-10
Let g = -41/3 + 14. Let b(l) be the second derivative of -1/20*l**5 + 0 + g*l**4 + l**2 + 2*l - 1/6*l**3. Calculate b(4).
-2
Let a(b) = 2*b**2 + 3*b - 4. Suppose 0 = -3*g + 3*p - 12, 0 = 4*g + 3*p + 17 - 8. Give a(g).
5
Let t(y) = 3. Let g(z) = -6*z + 17. Let q(a) = -g(a) + 6*t(a). Suppose -v - 2*v = -6. Let p be (-5)/v + 2/4. Calculate q(p).
-11
Let b(y) = y**3 + 5*y**2 + 4*y + 3. Let f be (-3)/(-6)*(-1 - -3). Suppose f + 2 = -g. Determine b(g).
9
Let l(t) = 9*t**3 + 11 + 0*t**3 - 2*t**2 - 2*t - 8. Suppose 0*a + 4*a - 8 = 0. Let z(r) = r**3 - r + 1. Let u(y) = a*z(y) - l(y). Give u(1).
-6
Let g(r) = r**2 + 8*r + 4. Let x(h) = -h**3 + 9*h**2 - 9*h + 2. Let d be x(8). Give g(d).
-8
Let v be (-22)/(-8) + (-1)/(-4). Let u(n) be the first derivative of -1/2*n**2 + n**3 + 4*n - 1/4*n**4 + 8. Calculate u(v).
1
Let g(b) = b**2 - b**2 + 6*b**2 + b + 9*b**3 - 4*b**2. Determine g(-1).
-8
Let k(y) = 6*y + 1. Suppose 3*l = 5*r + 17, -5*l - r - 3 = 6. What is k(l)?
-5
Let h(t) be the second derivative of 0 + 3/2*t**2 + 1/3*t**3 - t + 1/12*t**4. What is h(-3)?
6
Let j(y) = 2*y. Let h be (0/2)/1 + 1. What is j(h)?
2
Let m = -26 - -20. Let v(j) = j**3 + 7*j**2 + 5*j - 3. What is v(m)?
3
Let k(o) be the first derivative of o**4/4 + o**3 + o**2/2 - 5. Determine k(-3).
-3
Let i(n) be the second derivative of 5/6*n**3 + 0 + 3*n - n**2. Calculate i(2).
8
Let o = 4 - 8. Let t(a) = -a**3 - 5*a - 1. Let f(c) = -c**3 - 6*c - 1. Let v(q) = o*f(q) + 5*t(q). Let r(b) = b**2 - b - 1. Let p be r(0). What is v(p)?
1
Let o(g) = g**2 + 1. Let t = 21 + -18. What is o(t)?
10
Let b(h) = -4*h - 5 + 3 + 4 + 2. Give b(3).
-8
Suppose -3*b + 33 = 2*d + 3*d, -2*d - 3*b = -6. Let v(a) = -a**3 + 10*a**2 - 10*a + 12. Let k be v(d). Let o(x) = x - k - x - x. Give o(-3).
0
Let o be (-2)/((-2)/9) + -3. Let v(i) = -o - i + 6. What is v(2)?
-2
Suppose -3*t + t + 12 = -2*b, 2*t + 9 = -5*b. Let r(q) be the third derivative of -1/60*q**5 + 0 + 2/3*q**3 + 1/8*q**4 - 4*q**2 + 0*q. Calculate r(t).
4
Let v(k) = -3 - 6*k**2 + 3*k**3 + 3*k**3 - 6*k - 7*k**3. What is v(-4)?
-11
Let j be (-2)/(-7) - (-160)/28. Suppose 0 = 2*r + 4*o + j, -5*o + 0 = 2*r + 6. Let t be ((-2)/r)/(1/(-6)). Let d(u) = -u**2 - 6*u - 6. Calculate d(t).
2
Let i = -25 + 28. Let n(q) be the second derivative of 0*q**2 + 1/20*q**5 - 1/2*q**i + 0 + 1/6*q**4 - q. What is n(-3)?
0
Let u = -7 - -8. Let t(r) = -r**2 - 8*r - 9. Let g be t(-6). Let j(y) = 1 - 5 + g - 6*y. Calculate j(u).
-7
Let y(u) = u**2 - 5*u + 10. Suppose 0*z = -z + 4. Let l be y(z). Let c(h) = -h**3 + 5*h**2 + 6*h + 2. Determine c(l).
2
Let u(x) = -2*x**3 - 14*x**2 + 23*x - 10. Let z(q) = -q**3 - 7*q**2 + 12*q - 5. Let i(m) = 4*u(m) - 7*z(m). Calculate i(-8).
-5
Let a(x) = x**2 + 7*x + 9. Let r be a(-6). Suppose r*y - 28 + 4 = 0. Suppose -3*o - y = -5*o. Let n(w) = w**3 - 4*w**2 + w - 3. Calculate n(o).
1
Let d(x) = -2*x - 2 + 6 - 3. Calculate d(-2).
5
Let p(v) be the first derivative of -v**5/20 - 5*v**4/12 - 2*v**3/3 + 2*v + 7. Let i(l) be the first derivative of p(l). What is i(-3)?
-6
Let r(f) be the first derivative of f**4/4 - 2*f**3/3 + f**2/2 + 391. Let p be 1/(-4) - (-18)/8. Let k = p + -1. Determine r(k).
0
Let h = -1 + -3. Let y(l) be the second derivative of 1/6*l**3 + 0*l**2 - 2*l + 0. What is y(h)?
-4
Suppose 2*r + 1 = -1. Let s(g) = 5*g**2 - 1. What is s(r)?
4
Let c(b) be the second derivative of b**3/6 - 4*b**2 + 5*b. Determine c(7).
-1
Suppose -3*k - 5*r = -8*k + 25, -k + 5*r + 13 = 0. Let a(w) = -w**3 + 3*w**2 - w. Calculate a(k).
-3
Let s(w) = -3*w**3 - w**2. Suppose -5*l + 5*o = 5, 0*o - 1 = 3*l - o. Let z be (-2 + l)/(-4)*2. Determine s(z).
-4
Let b(d) be the third derivative of 1/24*d**4 + 0 + 3*d**2 + 5/6*d**3 + 0*d. What is b(4)?
9
Let o(y) = 42 - y**2 + 2*y**2 - 33. Determine o(0).
9
Let u(s) = -2*s + 3. Let l be ((0 - 0)/2)/3. Suppose m + m - 10 = l. Calculate u(m).
-7
Let u = 23 - 8. Let r be 2/3 + 129/9. Let w(q) = -r*q + 2*q**2 + q**3 + u*q. Determine w(-2).
0
Let p be 5/(4 + (-5 - -2)). Suppose -31 = 2*y + 3*q - 6, 0 = p*q + 25. Let z(r) = r**2 + 7*r - 3*r**2 - r**3 - 2*r**2. What is z(y)?
-10
Let q(o) = 1 - 2 + 16*o - 22*o. Give q(2).
-13
Let d = 5 + -1. Let w = d + -9. Let v(i) = i**2 + 5*i + 2. Determine v(w).
2
Let i = -4 + 7. Let n(m) = 1 - 2 - 4*m**2 - i + 11*m - 6*m + m**3. What is n(3)?
2
Suppose 5*m - 6 = 4. Let v(u) = -u**2 - 1. Let r(f) = f**3 - 9*f**2 + f - 5. Let p(k) = r(k) - 6*v(k). Calculate p(m).
-1
Let t(r) = 3*r + 1. Let m(v) = v**2 + 7*v + 3. Let s(w) = -2*m(w) + 5*t(w). Let u be s(1). Let y(c) = c**2 - c - 2. What is y(u)?
4
Let t(q) = -q**3 + 11*q**2 - 11*q + 15. Let s be t(10). Let i(b) = b - 7. What is i(s)?
-2
Let r(w) = -2*w**2 - 2*w + 1. Suppose -n = -6*n - 2*z - 21, -n = 4*z + 15. Suppose 0 = -f + 10 - 9. Let g = n + f. What is r(g)?
-3
Let m(s) = 21*s + 19*s + 4 - 39*s. Give m(-5).
-1
Let a be (1/((-2)/(-20)))/(-1). Let u be (-24)/a - (-4)/(-10). Let d(w) = 8 + w**3 + 0 - 2 - 8. Determine d(u).
6
Let i(s) be the second derivative of s**5/20 - s**3/6 + s**2/2 - s. Let b be 2 + 3/((-6)/4). Give i(b).
1
Suppose -3*s + 2*k - 30 + 8 = 0, 2*s + 33 = 5*k. Let w(y) = -y**2 - 2*y. Calculate w(s).
-8
Let j(w) be the first derivative of -2*w**3/3 - w**2 + w + 4. Let a = 1 + 14. Suppose 0 = 5*v + 2*o + 5, 5*o + 37 = -3*v + a. Calculate j(v).
-3
Let v(i) = -5*i**3 + 8*i - 6. Let k(q) = -11*q**3 + q**2 + 17*q - 12. Let x(c) = -4*k(c) + 9*v(c). Let y be 2/((3/1)/6). Suppose y*s = 1 - 21. What is x(s)?
-1
Let m(v) be the third derivative of v**5/60 - 5*v**4/24 + v**3/3 + 2*v**2. Let n = 13 + 5. Let f = -13 + n. What is m(f)?
2
Suppose 5*d = -0*d - 5. Let r be 0*3/6*d. Suppose -u = -r*u. Let w(n) = n. Calculate w(u).
0
Let i(k) = -5*k**2 + 2 - 1 + k**3 + 4*k + 0*k**3. Let t be (4/(-14))/((-13)/91). Let q be (-8)/((-2)/(t - 1)). Give i(q).
1
Let x = 18 - 13. Suppose 17 = -2*n + x. Let v(f) = -f + 1. Calculate v(n).
7
Let p = 0 - -4. Let k(x) = 2 + x + p - 5 + 0*x. Suppose 0*u + 3*u - 9 = 0. What is k(u)?
4
Let h(s) = -s**2 - 2*s + 1. Let o be h(1). Let k(a) = 2*a - 1. Give k(o).
-5
Let p(w) = 2*w**2 - 4*w**2 - 5*w**2 + w + 18*w**2. Give p(1).
12
Let c(q) = q**3 - 4*q**2 + 3*q. Let w(p) = 3*p**2 + 2*p + 1. Let n be w(-1). Give c(n).
-2
Let s(l) be the second derivative of -l**5/20 + l**3/6 - l**2/2 + 6*l. Determine s(0).
-1
Let u(s) be the second derivative of 5*s**4/6 + s**3/6 + 9*s. What is u(1)?
11
Suppose -4*x - 